prime factors of 671964?
2, 3, 55997
What are the prime factors of 1775089?
17, 104417
List the prime factors of 61319.
17, 3607
List the prime factors of 511815.
3, 5, 149, 229
List the prime factors of 4307767.
59, 73013
What are the prime factors of 13463221?
29, 157, 2957
List the prime factors of 3317434.
2, 31, 53507
What are the prime factors of 463321?
463321
List the prime factors of 539558.
2, 269779
What are the prime factors of 101772?
2, 3, 11, 257
What are the prime factors of 1397522?
2, 7, 99823
List the prime factors of 1612435.
5, 11, 19, 1543
What are the prime factors of 493932?
2, 3, 41161
List the prime factors of 1502597.
191, 7867
List the prime factors of 9142349.
127, 71987
List the prime factors of 1156474.
2, 11, 52567
What are the prime factors of 4566?
2, 3, 761
List the prime factors of 574997.
19, 53, 571
What are the prime factors of 872546?
2, 436273
What are the prime factors of 10569762?
2, 3, 7, 149, 563
List the prime factors of 349480.
2, 5, 8737
What are the prime factors of 3550111?
3550111
What are the prime factors of 1705748?
2, 11, 38767
What are the prime factors of 10579967?
17, 622351
What are the prime factors of 97692?
2, 3, 7, 1163
What are the prime factors of 4769379?
3, 331, 1601
List the prime factors of 22000823.
13, 1129, 1499
What are the prime factors of 133678?
2, 89, 751
What are the prime factors of 7730843?
101, 76543
What are the prime factors of 2230454?
2, 1115227
List the prime factors of 536454.
2, 3, 29803
List the prime factors of 71349.
3, 17, 1399
What are the prime factors of 12184254?
2, 3, 676903
What are the prime factors of 182066?
2, 91033
List the prime factors of 697800.
2, 3, 5, 1163
What are the prime factors of 68948?
2, 11, 1567
List the prime factors of 374192.
2, 7, 13, 257
What are the prime factors of 732835?
5, 97, 1511
What are the prime factors of 344599?
344599
List the prime factors of 19145056.
2, 7, 85469
List the prime factors of 849031.
17, 49943
List the prime factors of 98667.
3, 19, 577
What are the prime factors of 194254?
2, 97127
What are the prime factors of 417107?
19, 29, 757
What are the prime factors of 417754?
2, 208877
What are the prime factors of 995588?
2, 11, 17
List the prime factors of 1015752.
2, 3, 42323
What are the prime factors of 158485?
5, 29, 1093
List the prime factors of 3099170.
2, 5, 79, 3923
List the prime factors of 15831.
3, 1759
List the prime factors of 3798638.
2, 1223, 1553
What are the prime factors of 1249925?
5, 17, 173
List the prime factors of 488940.
2, 3, 5, 29, 281
What are the prime factors of 31351?
107, 293
What are the prime factors of 2596688?
2, 162293
List the prime factors of 8341702.
2, 4170851
What are the prime factors of 389134?
2, 103, 1889
List the prime factors of 18563.
19, 977
What are the prime factors of 12366004?
2, 7, 17, 83, 313
What are the prime factors of 877538?
2, 438769
List the prime factors of 102667.
102667
List the prime factors of 68216.
2, 8527
What are the prime factors of 1116065?
5, 29, 43, 179
What are the prime factors of 425449?
59, 7211
What are the prime factors of 2868260?
2, 5, 143413
What are the prime factors of 6498173?
11, 47, 12569
List the prime factors of 1157405.
5, 231481
What are the prime factors of 717351?
3, 487, 491
List the prime factors of 26887731.
3, 13, 181, 293
What are the prime factors of 85098?
2, 3, 13, 1091
What are the prime factors of 546647?
661, 827
List the prime factors of 1041265.
5, 208253
List the prime factors of 2855729.
2855729
List the prime factors of 1171427.
1171427
What are the prime factors of 1832131?
7, 31, 8443
List the prime factors of 1695002.
2, 17, 49853
List the prime factors of 11559794.
2, 71, 127, 641
What are the prime factors of 1919883?
3, 7, 91423
What are the prime factors of 299543?
59, 5077
List the prime factors of 397970.
2, 5, 17, 2341
List the prime factors of 7670854.
2, 41, 139, 673
List the prime factors of 368715.
3, 5, 47, 523
List the prime factors of 5322114.
2, 3, 7, 42239
What are the prime factors of 513709?
7, 73387
What are the prime factors of 96556?
2, 101, 239
What are the prime factors of 8662054?
2, 4331027
List the prime factors of 3754490.
2, 5, 375449
What are the prime factors of 888336?
2, 3, 31, 199
List the prime factors of 421501.
421501
List the prime factors of 632294.
2, 13, 83, 293
List the prime factors of 312352.
2, 43, 227
What are the prime factors of 155816?
2, 19477
List the prime factors of 5505074.
2, 761, 3617
List the prime factors of 4816296.
2, 3, 151, 443
What are the prime factors of 9646863?
3, 577, 5573
List the prime factors of 43261.
43261
What are the prime factors of 367214?
2, 89, 2063
What are the prime factors of 8520311?
8520311
List the prime factors of 185824.
2, 5807
What are the prime factors of 1010339?
11, 53, 1733
List the prime factors of 214148.
2, 11, 31, 157
What are the prime factors of 1563003?
3, 13, 61, 73
What are the prime factors of 2678396?
2, 7, 23, 4159
List the prime factors of 14172871.
809, 17519
List the prime factors of 2099259.
3, 233251
What are the prime factors of 11850936?
2, 3, 101, 4889
List the prime factors of 119110.
2, 5, 43, 277
List the prime factors of 4537078.
2, 7, 13, 97, 257
What are the prime factors of 471758?
2, 7, 31, 1087
List the prime factors of 5433969.
3, 1811323
List the prime factors of 34690923.
3, 23, 2069
What are the prime factors of 2508494?
2, 19, 251, 263
What are the prime factors of 9149502?
2, 3, 17, 271, 331
What are the prime factors of 18636282?
2, 3, 7, 353, 419
What are the prime factors of 14311231?
11, 1301021
What are the prime factors of 325023?
3, 17, 6373
List the prime factors of 388291.
97, 4003
List the prime factors of 8978956.
2, 7, 61, 751
List the prime factors of 11242074.
2, 3, 1873679
What are the prime factors of 253435?
5, 7, 13, 557
List the prime factors of 2675037.
3, 891679
List the prime factors of 143526.
2, 3, 19, 1259
What are the prime factors of 33542085?
3, 5, 2236139
List the prime factors of 119564.
2, 71, 421
List the prime factors of 3163726.
2, 29, 54547
List the prime factors of 69507.
3, 7723
What are the prime factors of 1734484?
2, 199, 2179
List the prime factors of 1470995.
5, 294199
List the prime factors of 23913.
3, 2657
List the prime factors of 4430150.
2, 5, 251, 353
List the prime factors of 20366882.
2, 10183441
What are the prime factors of 5573610?
2, 3, 5, 7, 983
What are the prime factors of 4313?
19, 227
List the prime factors of 9809698.
2, 4904849
List the prime factors of 3366711.
3, 124693
List the prime factors of 157562.
2, 78781
List the prime factors of 1618872.
2, 3, 67453
What are the prime factors of 26044553?
41, 439, 1447
What are the prime factors of 10769051?
727, 14813
List the prime factors of 1047949.
7, 23, 283
List the prime factors of 34621902.
2, 3, 7, 274777
What are the prime factors of 1815039?
3, 17, 11863
What are the prime factors of 7848703?
103, 181, 421
List the prime factors of 11694504.
2, 3, 17, 28663
What are the prime factors of 16183684?
2, 11, 41, 8971
List the prime factors of 5668869.
3, 739, 2557
List the prime factors of 35541005.
5, 43, 53, 3119
What are the prime factors of 207176?
2, 19, 29, 47
List the prime factors of 5779.
5779
What are the prime factors of 563388?
2, 3, 7, 19, 353
What are the prime factors of 710159?
107, 6637
What are the prime factors of 2494179?
3, 92377
List the prime factors of 4255260.
2, 3, 5, 70921
What are the prime factors of 4843250?
2, 5, 19373
List the prime factors of 538117.
538117
What are the prime factors of 8608275?
3, 5, 13, 109
List the prime factors of 929163.
3, 31, 97, 103
List the prime factors of 777027.
3, 259009
List the prime factors of 16133222.
2, 7, 29, 79, 503
What are the prime factors of 384266?
2, 192133
List the prime factors of 4120219.
4120219
What are the prime factors of 3670026?
2, 3, 611671
List the prime factors of 140021.
7, 83, 241
What are the prime factors of 156030?
2, 3, 5, 7, 743
List the prime factors of 1493934.
2, 3, 13, 107, 179
What are the prime factors of 29183?
7, 11, 379
List the prime factors of 18893525.
5, 7, 107, 1009
List the prime factors of 4721276.
2, 7, 168617
What are the prime factor